{"id":2721,"date":"2020-08-06T08:44:53","date_gmt":"2020-08-06T08:44:53","guid":{"rendered":"https:\/\/www.daskreativlabor.ch\/?post_type=product&#038;p=2721"},"modified":"2021-11-17T10:00:25","modified_gmt":"2021-11-17T09:00:25","slug":"taschen-naehkurs","status":"publish","type":"product","link":"https:\/\/www.daskreativlabor.ch\/en\/product\/taschen-naehkurs\/","title":{"rendered":"Taschen N\u00e4hkurs &#8211; neue Daten folgen im Fr\u00fchling"},"content":{"rendered":"<p><strong>F\u00fcr Kinder und Jugendliche ab 3.\/4. Klasse \u2013 auch f\u00fcr Anf\u00e4nger*innen geeignet!<\/strong><\/p>\n<p>In einer kleinen Gruppe n\u00e4hen wir eine Tasche oder einen Rucksack. Verschiedene trendige Vorlagen, die individuell und nach dem eigenen Geschmack gen\u00e4ht werden k\u00f6nnen, sind vorhanden. Jede*r Teilnehmer*in kann eine tolle und selbst gen\u00e4hte Tasche nach Hause nehmen!<\/p>\n<p>F\u00fcr erfahrene und neue N\u00e4hbegeisterte, ab ca 9 Jahren.<\/p>\n<p>Kosten: CHF 135.- inkl. Zvieri, exkl. Material.<\/p>\n<p>Nach der Anmeldung erhalten Sie weitere Details zu den Taschen und zu den ben\u00f6tigten Stoffen\/ Materialien. Die Teilnehmenden Kinder k\u00f6nnen dann ausw\u00e4hlen, was sie n\u00e4hen m\u00f6chten und das Material vor dem Kurs besorgen. Das Kreativlabor stellt die Muster zur Verf\u00fcgung.<\/p>\n<p>Ort: Das Kreativlabor, Baumgartenweg 4, 4104 Oberwil<\/p>\n<p>&nbsp;<\/p>\n<h5>Atelier-Richtlinien<\/h5>\n<p>Bitte nehmen Sie sich ein paar Minuten Zeit, um die Atelier-Richtlinien und wichtige Informationen zu lesen.<\/p>\n<p>Die Anmeldung f\u00fcr einen Kurs ist verbindlich und wird von Das Kreativlabor schriftlich best\u00e4tigt. Sie werden fr\u00fchzeitig kontaktiert, falls ein Kurs ausgebucht ist oder nicht durchgef\u00fchrt werden kann.<\/p>\n<ul>\n<li>Die Kurskosten sind vorab bei der Buchung mit Kreditkarte oder Bank\u00fcberweisung zu bezahlen. Nach Eingang der Kursgeb\u00fchr ist der Platz definitiv reserviert.<\/li>\n<li>Wer sich anmeldet, verpflichtet sich f\u00fcr den gesamten Kurs. Verpasste Kursstunden k\u00f6nnen nicht entsch\u00e4digt werden und es besteht kein Anrecht auf Ersatzstunden.<\/li>\n<li>Nach fr\u00fchzeitiger Abmeldung (7 Tage und mehr) werden bereits bezahlte Kursgeb\u00fchren zur\u00fcckerstattet, exkl. CHF 30.- Bearbeitungsgeb\u00fchr. Bei Nichterscheinen oder einer Abmeldung sp\u00e4ter als 7 Tage vor Kursbeginn besteht kein Anspruch auf R\u00fcckerstattung des Kursgeldes (Ausnahmen sind Krankheitsf\u00e4lle mit Arztzeugnis und nach Absprache).<\/li>\n<li>Die Projekte sind immer pers\u00f6nlich und werden von den Kursteilnehmer*Innen, ihren F\u00e4higkeiten entsprechend, selber hergestellt. Es gibt keine Garantie f\u00fcr das Fertigstellen der Arbeiten.<\/li>\n<li>Unser moderner Maschinenpark besteht aus hochwertigen BERNINA N\u00e4hmaschinen.<\/li>\n<li>Im Kurs bezogenes Material wie Stoffe und Verbrauchsmaterial wird gegebenenfalls separat verrechnet oder muss vorg\u00e4ngig durch den Teilnehmer*In selbstst\u00e4ndig beschafft werden (Details und Materiallisten werden mit der Kursbest\u00e4tigung nach Eingang der Zahlung verschickt).<\/li>\n<li>Fotos k\u00f6nnen f\u00fcr interne Werbezwecke, in Zeitungen verwendet, auf der Website aufgeschaltet und auf social media ver\u00f6ffentlicht werden.<\/li>\n<li>Versicherung ist Sache der Teilnehmer.<\/li>\n<li>Das Kreativlabor lehnt jede Haftung ab.<\/li>\n<\/ul>\n<p>Durch das Buchen eines Kurses oder Produktes werden die AGB akzeptiert und sind g\u00fcltig bis auf Widerruf.<\/p>\n<p>Der Kurs beinhaltet ein z\u2019Vieri und Zeit f\u00fcr das Aufr\u00e4umen.<\/p>","protected":false},"excerpt":{"rendered":"<p>F\u00fcr Kinder und Jugendliche ab 3.\/4. Klasse \u2013 auch f\u00fcr Anf\u00e4nger*innen geeignet!<\/p>\n<p>In einer kleinen Gruppe n\u00e4hen wir eine Tasche oder einen Rucksack. Verschiedene trendige Vorlagen, die individuell und nach dem eigenen Geschmack gen\u00e4ht werden k\u00f6nnen, sind vorhanden. Jede*r Teilnehmer*in kann eine tolle und selbst gen\u00e4hte Tasche nach Hause nehmen!<\/p>","protected":false},"featured_media":2899,"comment_status":"open","ping_status":"closed","template":"","meta":{"spay_email":""},"_links":{"self":[{"href":"https:\/\/www.daskreativlabor.ch\/en\/wp-json\/wp\/v2\/product\/2721"}],"collection":[{"href":"https:\/\/www.daskreativlabor.ch\/en\/wp-json\/wp\/v2\/product"}],"about":[{"href":"https:\/\/www.daskreativlabor.ch\/en\/wp-json\/wp\/v2\/types\/product"}],"replies":[{"embeddable":true,"href":"https:\/\/www.daskreativlabor.ch\/en\/wp-json\/wp\/v2\/comments?post=2721"}],"wp:featuredmedia":[{"embeddable":true,"href":"https:\/\/www.daskreativlabor.ch\/en\/wp-json\/wp\/v2\/media\/2899"}],"wp:attachment":[{"href":"https:\/\/www.daskreativlabor.ch\/en\/wp-json\/wp\/v2\/media?parent=2721"}],"curies":[{"name":"wp","href":"https:\/\/api.w.org\/{rel}","templated":true}]}}

Taschen Nähkurs &#8211; neue Daten folgen im Frühling

<p><strong>Für Kinder und Jugendliche ab 3./4. Klasse – auch für Anfänger*innen geeignet!</strong></p>
<p>In einer kleinen Gruppe nähen wir eine Tasche oder einen Rucksack. Verschiedene trendige Vorlagen, die individuell und nach dem eigenen Geschmack genäht werden können, sind vorhanden. Jede*r Teilnehmer*in kann eine tolle und selbst genähte Tasche nach Hause nehmen!</p>
<p>Für erfahrene und neue Nähbegeisterte, ab ca 9 Jahren.</p>
<p>Kosten: CHF 135.- inkl. Zvieri, exkl. Material.</p>
<p>Nach der Anmeldung erhalten Sie weitere Details zu den Taschen und zu den benötigten Stoffen/ Materialien. Die Teilnehmenden Kinder können dann auswählen, was sie nähen möchten und das Material vor dem Kurs besorgen. Das Kreativlabor stellt die Muster zur Verfügung.</p>
<p>Ort: Das Kreativlabor, Baumgartenweg 4, 4104 Oberwil</p>
<p>&nbsp;</p>
<h5>Atelier-Richtlinien</h5>
<p>Bitte nehmen Sie sich ein paar Minuten Zeit, um die Atelier-Richtlinien und wichtige Informationen zu lesen.</p>
<p>Die Anmeldung für einen Kurs ist verbindlich und wird von Das Kreativlabor schriftlich bestätigt. Sie werden frühzeitig kontaktiert, falls ein Kurs ausgebucht ist oder nicht durchgeführt werden kann.</p>
<ul>
<li>Die Kurskosten sind vorab bei der Buchung mit Kreditkarte oder Banküberweisung zu bezahlen. Nach Eingang der Kursgebühr ist der Platz definitiv reserviert.</li>
<li>Wer sich anmeldet, verpflichtet sich für den gesamten Kurs. Verpasste Kursstunden können nicht entschädigt werden und es besteht kein Anrecht auf Ersatzstunden.</li>
<li>Nach frühzeitiger Abmeldung (7 Tage und mehr) werden bereits bezahlte Kursgebühren zurückerstattet, exkl. CHF 30.- Bearbeitungsgebühr. Bei Nichterscheinen oder einer Abmeldung später als 7 Tage vor Kursbeginn besteht kein Anspruch auf Rückerstattung des Kursgeldes (Ausnahmen sind Krankheitsfälle mit Arztzeugnis und nach Absprache).</li>
<li>Die Projekte sind immer persönlich und werden von den Kursteilnehmer*Innen, ihren Fähigkeiten entsprechend, selber hergestellt. Es gibt keine Garantie für das Fertigstellen der Arbeiten.</li>
<li>Unser moderner Maschinenpark besteht aus hochwertigen BERNINA Nähmaschinen.</li>
<li>Im Kurs bezogenes Material wie Stoffe und Verbrauchsmaterial wird gegebenenfalls separat verrechnet oder muss vorgängig durch den Teilnehmer*In selbstständig beschafft werden (Details und Materiallisten werden mit der Kursbestätigung nach Eingang der Zahlung verschickt).</li>
<li>Fotos können für interne Werbezwecke, in Zeitungen verwendet, auf der Website aufgeschaltet und auf social media veröffentlicht werden.</li>
<li>Versicherung ist Sache der Teilnehmer.</li>
<li>Das Kreativlabor lehnt jede Haftung ab.</li>
</ul>
<p>Durch das Buchen eines Kurses oder Produktes werden die AGB akzeptiert und sind gültig bis auf Widerruf.</p>
<p>Der Kurs beinhaltet ein z’Vieri und Zeit für das Aufräumen.</p>

<p>Für Kinder und Jugendliche ab 3./4. Klasse – auch für Anfänger*innen geeignet!</p>
<p>In einer kleinen Gruppe nähen wir eine Tasche oder einen Rucksack. Verschiedene trendige Vorlagen, die individuell und nach dem eigenen Geschmack genäht werden können, sind vorhanden. Jede*r Teilnehmer*in kann eine tolle und selbst genähte Tasche nach Hause nehmen!</p>
